e -21 = -j + i. List the prime factors of j.
2, 13
What are the prime factors of ((-2)/(-5))/((-8)/(-5660))?
283
Let d = -38 - -39. Suppose -2*h + d = 23. What are the prime factors of h/(-2)*(-15 - -23)?
2, 11
Suppose -24*a - 12397 = -35*a. What are the prime factors of a?
7, 23
What are the prime factors of 20382/10 + 616/770?
2039
What are the prime factors of (4/3)/(3 + 151589/(-50541))?
2, 991
Suppose 16 + 38 = -3*w. Let g = -8 + 40. Let f = w + g. List the prime factors of f.
2, 7
Suppose -128 = -9*f + 412. Let l = 104 + f. What are the prime factors of l?
2, 41
Let r = -1753 - -1931. What are the prime factors of r?
2, 89
Let z = 8 + 18. Suppose z*i - 42 = 25*i. What are the prime factors of i?
2, 3, 7
Suppose -77*c + 78*c = 2. Suppose -4*h = c*h - 270. What are the prime factors of h?
3, 5
Let j = -2 + 4. Let u(z) = -z**3 - 5*z**2 - z - 8. Let g(r) = -r**3 - 4*r**2 - 7. Let o(i) = -5*g(i) + 4*u(i). List the prime factors of o(j).
3
Suppose -3*z = -4*j - 497, 2*z + z = 2*j + 247. List the prime factors of (-1 - j)*(1 - -1).
2, 31
Let n(r) = r**3 - 2*r**2 + 62. Suppose 3*a = -2 - 1, -5*q + 2*a + 2 = 0. What are the prime factors of n(q)?
2, 31
Suppose -5*v + 56 = -84. Suppose -4 = 3*t - v. Let o(j) = j**2 - 2*j - 3. List the prime factors of o(t).
3, 5
What are the prime factors of 34912/(-24)*6/(-4)?
2, 1091
Let a be (-261)/(-54) + 1/6. Suppose a*b + 28 = -112. What are the prime factors of (-1)/4 - 987/b?
5, 7
What are the prime factors of (-11)/(88/40) + 88*26?
3, 761
Suppose -70*u + 3428 = -66*u. List the prime factors of u.
857
Suppose 4*n - 7 - 335 = 2*q, 0 = n + 2*q - 73. Suppose -59 - n = -u. What are the prime factors of u?
2, 71
Suppose 7*s = 25 + 17. Suppose s*l - 1048 = -112. What are the prime factors of l?
2, 3, 13
Suppose 3*j - 8*j - 2050 = -5*u, -4*u - 2*j = -1610. What are the prime factors of u?
3, 5
Suppose z + 160 = -4*h, -5*h - 299 + 99 = z. What are the prime factors of 119/4 - 10/h?
2, 3, 5
Suppose -5*i + 2*p = -18, 3*p + 11 + 5 = 2*i. Suppose -i*j - g - 24 = 0, 3*j + 4*g = j - 12. What are the prime factors of (-158)/j - 22/77?
11
Suppose r + 368 + 498 = o, 0 = -2*r - 4. What are the prime factors of o?
2, 3
Suppose 568 = -15*f + 29668. What are the prime factors of f?
2, 5, 97
Suppose 76 = -4*a + 6*a. Suppose -4*n - 399 = -3*o, 2*o = 4*n + a + 228. What are the prime factors of o?
7, 19
Let d be -3*(1 + -2) + 152. Suppose 3*a = 5*a, 5*k - 5*a = d. Suppose -2*p + k = -51. What are the prime factors of p?
41
Let c = 19 - 14. Suppose 20 = 4*p - c*p. What are the prime factors of (p/(-6))/((-4)/(-42))?
5, 7
Let f be 2/(-2 + (-7)/(-3)). Let j be 0/(f/2 + 0). Suppose -v - 3*v - 2*m + 88 = j, 0 = -3*m - 12. What are the prime factors of v?
2, 3
Let q = -463 - -822. What are the prime factors of q?
359
Let p(f) = f**3 - 5*f**2 - 3*f + 1. Let z be p(6). Let k = -16 + z. Suppose 4*t + 80 = 4*c - 140, 0 = -k*c - 4*t + 144. List the prime factors of c.
2, 13
Suppose -50*y = 19*y + 207. Let z(u) = -4*u**2 - u - 4 - 3 + 12*u**2. What are the prime factors of z(y)?
2, 17
Suppose -152*t + 143*t + 17919 = 0. What are the prime factors of t?
11, 181
Let r be (-1850)/8 - 2/(-8). What are the prime factors of r/(-11) + (-1 - -5)?
5
List the prime factors of 3 + 1 - -1*(-4 + 287).
7, 41
Let n be 5424/48 + 2*(-3)/2. Suppose -4*l = p - n, 5*l + 20 = -p + 126. List the prime factors of p.
2, 3, 7
Let y be 1*(-100 + 2) + 3. Let c = 14 - y. What are the prime factors of c?
109
Let p(l) = 2*l**3 - 3*l**2 + l - 2. Let z be p(2). Suppose -z*b - 12 = 2*w, 0 = -3*b + 3*w - 9. List the prime factors of (-1)/(((-9)/(-87))/b).
29
Let o(w) be the first derivative of w**4/12 - 5*w**3/3 + 2*w**2 + 5*w + 5. Let r(s) be the first derivative of o(s). What are the prime factors of r(11)?
3, 5
Suppose -4*t + 516 = 3*g, 3*t + 0*g - 392 = -g. Suppose -p - t = -4*p. What are the prime factors of -7 - -4 - (-3 - p)?
2, 11
Let k = -3 + 18. Let w(j) = j**2 - 10*j - 31. List the prime factors of w(k).
2, 11
Suppose 602 = 3*z + s, 85*z - 87*z - 2*s + 404 = 0. What are the prime factors of z?
2, 5
Let p(w) = 2*w + 1. Suppose 0 = -5*v + 4*c + 63, -2*v + 2*c + 11 + 13 = 0. Suppose 2*z - 3*o - 1 = v, 2*o + 4 = 0. What are the prime factors of p(z)?
11
Let p = -1442 - -2932. What are the prime factors of p?
2, 5, 149
Let u = -40 + 3. Let c = -62 - u. What are the prime factors of (24/30)/((-2)/c)?
2, 5
List the prime factors of 205/15*-6*(-32)/2.
2, 41
Suppose -2*q + 1277 = 3*a - 3*q, q = 2*a - 852. Let o = a + -295. List the prime factors of o.
2, 5, 13
Let r = -20 - -20. Let g(u) = r - 5*u**2 - 13*u + 4*u**2 + 1. List the prime factors of g(-11).
23
Let w = 2753 + -388. List the prime factors of w.
5, 11, 43
Let q = 7 + -18. Let a = q + 7. Let z = a - -52. List the prime factors of z.
2, 3
List the prime factors of (90/50)/((-2)/(-1380)).
2, 3, 23
Suppose 7022 = 4*n + 3*i, i + 5260 = -n + 4*n. List the prime factors of n.
2, 877
Let r = -2773 + 2947. What are the prime factors of r?
2, 3, 29
Let g(s) = s**2 - 11*s - 14. Let u(w) = w**2 - 6*w - 7. Let q(l) = -4*g(l) + 7*u(l). Let j be q(-5). Let d = j + -51. List the prime factors of d.
3, 7
Suppose -i - 363 = 3*x, i - 123 = x + 2*i. Let d = -66 - x. List the prime factors of d.
2, 3
Let d be (-30)/(-70) + (-81)/(-7). List the prime factors of d/3 - 24/(-2).
2
List the prime factors of (-2133)/(-36) + -2 + (-1)/4.
3, 19
Let a = 211 - 107. Let u be 0/(1 + -2) + 5. Suppose u*z + 4 = a. What are the prime factors of z?
2, 5
Suppose -9 = -j + x, -4*j + 5*x + 9 = -3*j. Suppose -j*k + 504 = -63. What are the prime factors of k?
3, 7
Suppose 1 + 9 = 2*i. Suppose -56 + 146 = i*p. List the prime factors of p.
2, 3
Suppose -5*q = -2*c - 17, 15 + 7 = -2*c + 4*q. Let h = 21 + c. Suppose h = 3*t + t - 104. What are the prime factors of t?
2, 13
Let t = 14 - 9. Let w be (0/t)/(-2 - -3). Suppose w = -4*f - 14 + 94. What are the prime factors of f?
2, 5
Let n = -40 + 188. Suppose 2*c + 2*c + p = n, 4*c = -2*p + 152. List the prime factors of c.
2, 3
Let j = -80 - -186. Let z = 11 + j. Let f = -80 + z. List the prime factors of f.
37
Let r(k) be the third derivative of k**5/60 + 17*k**4/24 + 6*k**3 - 19*k**2. List the prime factors of r(-22).
2, 73
Let s be ((0 - 1) + 2)*0. Suppose -11 = -2*i - 5*q, s = 4*i + 5*q - 21 - 6. List the prime factors of (15/(-20))/((-2)/i).
3
Let z be -82 - 24/(-15)*(-15)/(-6). Let s = z - -247. What are the prime factors of s?
13
Let h(y) = 92*y**3 + 5*y**2 - 7*y + 3. What are the prime factors of h(2)?
5, 149
Let x(g) = g**3 + 21*g**2 - 4*g - 17. Let w be x(-21). Suppose w = -3*s + 367. What are the prime factors of s?
2, 5
Suppose 7*b = 11*b - 20. Suppose -b*c + 6 = 16. List the prime factors of (c - 21/(-9))*87.
29
List the prime factors of ((-7308)/(-48) - 3)/((-2)/(-8)).
3, 199
Let i(o) = -o**3 + 2*o - 1. Let h be i(1). Suppose -5*x - 4*s + 334 = h, 71 = x - s + 6*s. List the prime factors of x.
2, 3, 11
Let b = 12 + -10. Suppose a - 13 = -4*t, -b*t = -0*t + a - 7. Suppose 0 = -t*l - 0*l + 27. List the prime factors of l.
3
Let a = 13 + -13. Suppose -3*n + 5*n + 2*p - 174 = a, -3*p = 4*n - 350. What are the prime factors of n?
89
Let o(x) = -22*x**2 - 2*x + 6. Let h(i) = 23*i**2 + 3*i - 6. Let k(p) = -3*h(p) - 4*o(p). List the prime factors of k(-2).
2, 3
Suppose -4*p + 120 = -100. Let y = 84 - p. List the prime factors of y.
29
Let g be 17/(-3) + (-11)/33. Let a(t) = t**3 + 9*t**2 + 11*t + 7. What are the prime factors of a(g)?
7
Let b(k) = k**3 + 2*k**2 - 4*k - 13. Let v = 0 - -6. What are the prime factors of b(v)?
251
Let c be 5/(-20) + (3/12 - 0). Suppose 163 = 5*s - w, -2*s - w - 2*w + 72 = c. What are the prime factors of s?
3, 11
List the prime factors of 312/(-546)*14/(-12)*8202.
2, 1367
Let g(q) = 401*q**2 - 2*q + 4. What are the prime factors of g(2)?
2, 401
Suppose -7*a - 28 = -9*a. Let g = -12 + a. Suppose -6*h + 2*h + 58 = -g*m, -3*h + 41 = -2*m. What are the prime factors of h?
17
Suppose -10 = -4*d - 2. Let h be -2 - ((-34)/6 + 40/(-30)). Suppose -h*m + d*m = -102. List the prime factors of m.
2, 17
Let t(n) = -2*n**2 - 19*n - 34. Let u(q) = q**2 + 9*q + 17. Let c(y) = 2*t(y) + 5*u(y). What are the prime factors of c(-6)?
11
Suppose 4*k - 14 = -3*q + 2*k, -30 = -4*q + 3*k. Supp